{"id":175,"date":"2026-02-19T10:31:13","date_gmt":"2026-02-19T09:31:13","guid":{"rendered":"https:\/\/albertilloelpillo.iesfuente.com\/?page_id=175"},"modified":"2026-02-28T12:54:07","modified_gmt":"2026-02-28T11:54:07","slug":"actividades-2","status":"publish","type":"page","link":"https:\/\/albertilloelpillo.iesfuente.com\/?page_id=175","title":{"rendered":"Actividades"},"content":{"rendered":"\n<h3 class=\"wp-block-heading\"><strong>Templos y cultura balinesa<\/strong><\/h3>\n\n\n\n<h3 class=\"wp-block-heading\">Templo Tanah Lot<\/h3>\n\n\n\n<p>Conocido como el \u201cTemplo Madre\u201d de Bali, ubicado en las laderas del Monte Agung.<\/p>\n\n\n\n<figure class=\"wp-block-image size-large\"><a href=\"https:\/\/www.localcityguides.com\/en\/seminyak\/activities\/all-activities?activitiesSearchByName=tanah+lot+temple+incl+tickets&amp;sbi=Tanah+Lot+Temple+incl&amp;sbn_sec=ticket&amp;actid=138362P20&amp;campaginid=603759022&amp;adgroupid=1284230901915414&amp;targetid=kwd-80264722520997:loc-170&amp;network=o&amp;msclkid=9b22a9f91af316b300e9c05bcc7b61c8&amp;utm_source=bing&amp;utm_medium=cpc&amp;utm_campaign=Seminyak%20ActivitiesA106LCG%20G-EUR-In-SEA&amp;utm_term=tanah%20lot%20temple%20incl%20booking%20%20seminyak&amp;utm_content=Tanah%20Lot%20Temple%20incl%20Tickets%20-%20AI%3A138362P20\"><img decoding=\"async\" src=\"https:\/\/tse4.mm.bing.net\/th\/id\/OIP.wnWnhHrnieshJEDY9BP48QHaE6?rs=1&amp;pid=ImgDetMain&amp;o=7&amp;rm=3\" alt=\"\"\/><\/a><\/figure>\n\n\n\n<h3 class=\"wp-block-heading\">Pura Besakih<\/h3>\n\n\n\n<p>Conocido como el \u201cTemplo Madre\u201d de Bali, ubicado en las laderas del Monte Agung.<\/p>\n\n\n\n<figure class=\"wp-block-image size-large\"><a href=\"https:\/\/www.bing.com\/aclick?ld=e8YsnqJUpwBFCfaJvBpXJfCTVUCUyXAbsme-Q7i2fmCiZMQi4XYrplyuF2w8dOd3yt09GKSgm6Krnr2kTGD6fwscmHrlC3xmajk5nqTebzCa-uot39q3EO-eda_MoiIEsWThknZPkVIOxHW4m4Lglj4CSPoeuqHaQplP3jwsCnN7mT-58fE0CIlQ6dBC7LBCVeAYKOAbOlEN6j2-3pfEkNejHfUxk&amp;u=aHR0cHMlM2ElMmYlMmZhZC5kb3VibGVjbGljay5uZXQlMmZzZWFyY2hhZHMlMmZsaW5rJTJmY2xpY2slM2ZsaWQlM2QzOTcwMDA4MTg0ODEwMjE3MiUyNmRzX3Nfa3dnaWQlM2Q1ODcwMDAwODg3OTUxMzU4MCUyNmRzX2FfY2lkJTNkNzA1Nzg1MTMwNCUyNmRzX2FfY2FpZCUzZDIyNDQzMjM3NzI5JTI2ZHNfYV9hZ2lkJTNkMTc5NzI3Mzc1NzY0JTI2ZHNfYV9saWQlM2Rkc2EtMjQxNDcyNDE0MzQzOCUyNiUyNmRzX2VfYWRpZCUzZDc2NjkxMTM1ODAzODk0JTI2ZHNfZV90YXJnZXRfaWQlM2RkYXQtMjMyODQ5MDc1MDQ5MDM3MCUyNiUyNmRzX2VfbmV0d29yayUzZG8lMjZkc191cmxfdiUzZDIlMjZkc19kZXN0X3VybCUzZGh0dHBzJTNhJTJmJTJmd3d3LnZpYXRvci5jb20lMmZlcy1FUyUyZkJhbGktYXR0cmFjdGlvbnMlMmZCZXNha2loLVRlbXBsZS1QdXJhLUJlc2FraWglMmZkOTgtYTEyOTA0JTNmbSUzZDI3OTEwJTI2c3VwYWclM2QxMjI3MDU2MDQzMjQwOTMwJTI2c3VwY2ElM2Q2NzY1NDc1MTglMjZzdXBzYyUzZGRhdC0yMzI4NDkwNzUwNDkwMzcwJTI2c3VwYWklM2Q3NjY5MTEzNTgwMzg5NCUyNnN1cGR2JTNkYyUyNnN1cG50JTNkbnQlM2FvJTI2c3VwbHAlM2QzMTk3JTI2c3VwbGklM2QyMzIyMTMlMjZzdXB0aSUzZGRhdC0yMzI4NDkwNzUwNDkwMzcwJTI2dHNlbSUzZHRydWUlMjZzdXBjaSUzZGRhdC0yMzI4NDkwNzUwNDkwMzcwJTI2c3Vwa3clM2RQdXJhJTI1MjBCZXNha2loJTI2Z2NsaWQlM2RlY2UxYjYxODIwNDUxNWZmN2U1NGRmYmFmNmZlY2UyZCUyNmdjbHNyYyUzZDNwLmRzJTI2JTI2bXNjbGtpZCUzZGVjZTFiNjE4MjA0NTE1ZmY3ZTU0ZGZiYWY2ZmVjZTJk&amp;rlid=ece1b618204515ff7e54dfbaf6fece2d\"><img decoding=\"async\" src=\"https:\/\/tse3.mm.bing.net\/th\/id\/OIP.WKlGTO4W36s4fA8texGO4AHaE4?rs=1&amp;pid=ImgDetMain&amp;o=7&amp;rm=3\" alt=\"\"\/><\/a><\/figure>\n\n\n\n<h3 class=\"wp-block-heading\"><strong>Naturaleza y paisajes<\/strong><\/h3>\n\n\n\n<h3 class=\"wp-block-heading\">Arrozales de Tegallalang (Ubud)<\/h3>\n\n\n\n<p>Patrimonio cultural balin\u00e9s con terrazas verdes impresionantes.<br>Recomendado visitarlo temprano para evitar multitudes.<\/p>\n\n\n\n<figure class=\"wp-block-image size-large is-resized\"><a href=\"https:\/\/www.bing.com\/aclick?ld=e8um_3UQuJczLs5swSVF52DTVUCUxXzG5VOOsC8IcqpATIcPAPNbxIR6jY1QCeSOMHjs_o_dX-CUKZXr8B4Kie1jBOvr6EvBDuDfmnOlctOkI0MZyw-6iBC8MyyZxS4HBQ9aXzG1nxUfeljXgkF2sc1kq5q9J-xKDcXvLDgh6D0nh_Yk7lQclGmgtZsGnVTipI4EZriWv_D7wYN5o47szjh9iFtSM&amp;u=aHR0cHMlM2ElMmYlMmZ3d3cuZ2V0eW91cmd1aWRlLmVzJTJmdGVycmF6YXMtZGUtYXJyb3otZGUtdGVnYWxsYWxhbmctbDE1OTg5OSUyZiUzZmNtcCUzZGJpbmclMjZhZF9pZCUzZDc4MjcxNzAzNzI0NzU5JTI2YWRncm91cF9pZCUzZDEyNTIzNDUxMDI0NTk5MTMlMjZiaWRfbWF0Y2hfdHlwZSUzZGJiJTI2Y2FtcGFpZ25faWQlM2Q3MTA4MTE5MjklMjZkZXZpY2UlM2RjJTI2ZmVlZF9pdGVtX2lkJTNkJTI2a2V5d29yZCUzZHd3dy5nZXR5b3VyZ3VpZGUuZXMlMjZsb2NfaW50ZXJlc3RfbXMlM2QxNTAxNTAlMjZsb2NfcGh5c2ljYWxfbXMlM2QzMTk3JTI2bWF0Y2hfdHlwZSUzZGIlMjZtc2Nsa2lkJTNkOWY5NGZkMDMxNjQ5MTk3MDM2Yzk5NGExYzBiYzBmN2QlMjZuZXR3b3JrJTNkbyUyNnBhcnRuZXJfaWQlM2RDRDk1MSUyNnRhcmdldF9pZCUzZGRhdC0yMzMwMDcxMjk4NDY5NjU4JTNhbG9jLTE3MCUyNnV0bV9hZGdyb3VwJTNkY3QlMjUzRGRzYSUyNTdDZm4lMjUzRGYxJTI2dXRtX2NhbXBhaWduJTNkY3QlMjUzRGRzYSUyNTdDbG4lMjUzRDEwOSUyNTNBZXMlMjU3Q3RjJTI1M0RhbGwlMjU3Q2V4cCUyNTNEbmNhJTI2dXRtX2tleXdvcmQlM2R3d3cuZ2V0eW91cmd1aWRlLmVzJTI2dXRtX21lZGl1bSUzZHBhaWRfc2VhcmNoJTI2dXRtX3F1ZXJ5JTNkQXJyb3phbGVzJTI1MjBkZSUyNTIwVGVnYWxsYWxhbmclMjUyMChVYnVkKSUyNnV0bV9zb3VyY2UlM2RiaW5n&amp;rlid=9f94fd031649197036c994a1c0bc0f7d\"><img decoding=\"async\" src=\"https:\/\/live.staticflickr.com\/1910\/45008590901_9779f0f789_b.jpg\" alt=\"\" style=\"aspect-ratio:1.4992888417882142;width:593px;height:auto\"\/><\/a><\/figure>\n\n\n\n<h3 class=\"wp-block-heading\"><a href=\"https:\/\/www.bing.com\/aclick?ld=e8um_3UQuJczLs5swSVF52DTVUCUxXzG5VOOsC8IcqpATIcPAPNbxIR6jY1QCeSOMHjs_o_dX-CUKZXr8B4Kie1jBOvr6EvBDuDfmnOlctOkI0MZyw-6iBC8MyyZxS4HBQ9aXzG1nxUfeljXgkF2sc1kq5q9J-xKDcXvLDgh6D0nh_Yk7lQclGmgtZsGnVTipI4EZriWv_D7wYN5o47szjh9iFtSM&amp;u=aHR0cHMlM2ElMmYlMmZ3d3cuZ2V0eW91cmd1aWRlLmVzJTJmdGVycmF6YXMtZGUtYXJyb3otZGUtdGVnYWxsYWxhbmctbDE1OTg5OSUyZiUzZmNtcCUzZGJpbmclMjZhZF9pZCUzZDc4MjcxNzAzNzI0NzU5JTI2YWRncm91cF9pZCUzZDEyNTIzNDUxMDI0NTk5MTMlMjZiaWRfbWF0Y2hfdHlwZSUzZGJiJTI2Y2FtcGFpZ25faWQlM2Q3MTA4MTE5MjklMjZkZXZpY2UlM2RjJTI2ZmVlZF9pdGVtX2lkJTNkJTI2a2V5d29yZCUzZHd3dy5nZXR5b3VyZ3VpZGUuZXMlMjZsb2NfaW50ZXJlc3RfbXMlM2QxNTAxNTAlMjZsb2NfcGh5c2ljYWxfbXMlM2QzMTk3JTI2bWF0Y2hfdHlwZSUzZGIlMjZtc2Nsa2lkJTNkOWY5NGZkMDMxNjQ5MTk3MDM2Yzk5NGExYzBiYzBmN2QlMjZuZXR3b3JrJTNkbyUyNnBhcnRuZXJfaWQlM2RDRDk1MSUyNnRhcmdldF9pZCUzZGRhdC0yMzMwMDcxMjk4NDY5NjU4JTNhbG9jLTE3MCUyNnV0bV9hZGdyb3VwJTNkY3QlMjUzRGRzYSUyNTdDZm4lMjUzRGYxJTI2dXRtX2NhbXBhaWduJTNkY3QlMjUzRGRzYSUyNTdDbG4lMjUzRDEwOSUyNTNBZXMlMjU3Q3RjJTI1M0RhbGwlMjU3Q2V4cCUyNTNEbmNhJTI2dXRtX2tleXdvcmQlM2R3d3cuZ2V0eW91cmd1aWRlLmVzJTI2dXRtX21lZGl1bSUzZHBhaWRfc2VhcmNoJTI2dXRtX3F1ZXJ5JTNkQXJyb3phbGVzJTI1MjBkZSUyNTIwVGVnYWxsYWxhbmclMjUyMChVYnVkKSUyNnV0bV9zb3VyY2UlM2RiaW5n&amp;rlid=9f94fd031649197036c994a1c0bc0f7d\">Volc\u00e1n Monte Batur<\/a><\/h3>\n\n\n\n<p>Subida al amanecer con vistas espectaculares. Actividad muy popular entre viajeros aventureros.<\/p>\n\n\n\n<figure class=\"wp-block-image size-large\"><a href=\"https:\/\/www.bing.com\/aclick?ld=e8-daswS9_OpYObuSVnH4-NDVUCUzqRduOuLBsAUS8xIfdnYFDHkrjzcyoYBpotWuuiL2KV5XVK83l4_7omDc-hCosT3fjQSXHnOQv7Mbk2DAlMbzSySrCR8UokQIrK6zsZXRgT7LHV1dQVhR4zlCcrLWNex_DBgwkoo5yYIvt40rv94yslfmX5Ewan1GeEX8OFNmkqCikaFbBquMosJ7_z_3Q9Ao&amp;u=aHR0cHMlM2ElMmYlMmZ3d3cubXQtYmF0dXIuY29tJTJmJTNmY2klM2QxJTI2Y20lM2Q1NTU1Mjg0NzFfMTMwMDcyMzQ4Mzg3NDU2NV9jX29fYmF0dXIlMjUyMHZvbGNhbm8lMjUyMHRyZWtfZV8lN2JleHRlbnNpb25pZCU3ZCUyNm1zY2xraWQlM2RjMjU4ZTA2MzIyYjExNTIwNDA2YTg5YzFmNTkzMTUzZCUyNnV0bV9zb3VyY2UlM2RiaW5nJTI2dXRtX21lZGl1bSUzZGNwYyUyNnV0bV9jYW1wYWlnbiUzZEJhbGklMjUyMC0lMjUyME1vdW50JTI1MjBCYXR1ciUyNTIwLSUyNTIwT3RoZXIlMjUyMExhbmd1YWdlcyUyNTIwLSUyNTIwQWxsJTI1MjAtJTI1MjBTZWFyY2glMjUyMC0lMjUyMEFsbCUyNTIwLSUyNTIwQWxsJTI1MjAtJTI1MjBjaWQxNzU5JTI2dXRtX3Rlcm0lM2RiYXR1ciUyNTIwdm9sY2FubyUyNTIwdHJlayUyNnV0bV9jb250ZW50JTNkR2VuZXJpYyUyNTIwLSUyNTIwRXhhY3QlMjUyMC0lMjUyMEVuZ2xpc2glMjUyMC0lMjUyMFZvbGNhbm8&amp;rlid=c258e06322b11520406a89c1f593153d\"><img decoding=\"async\" src=\"https:\/\/th.bing.com\/th\/id\/R.993c93c658b7dc155e7b4f8fbb243c46?rik=Az7dHyV1lmSqEw&amp;riu=http%3a%2f%2f3.bp.blogspot.com%2f-iGu0zXv2ros%2fVG_46D9y5cI%2fAAAAAAAAOXc%2fEBsZbgXFX4E%2fs1600%2fMount%252BBatur%252BBali.jpg&amp;ehk=c71hoevgPJda6n4vuSObWfM37pmFAprAKT4Mr%2fWRFew%3d&amp;risl=&amp;pid=ImgRaw&amp;r=0\" alt=\"\"\/><\/a><\/figure>\n\n\n\n<hr class=\"wp-block-separator has-alpha-channel-opacity\"\/>\n\n\n\n<h3 class=\"wp-block-heading\"><strong>Playas y deportes acu\u00e1ticos<\/strong><\/h3>\n\n\n\n<ul class=\"wp-block-list\">\n<li>Surf en Kuta (ideal principiantes).<\/li>\n\n\n\n<li>Snorkel en Nusa Penida.<\/li>\n\n\n\n<li>Buceo en Amed.<\/li>\n\n\n\n<li>Yoga y retiros espirituales en Ubud.<\/li>\n<\/ul>\n\n\n<p>Se puede buscar m\u00e1s informaci\u00f3n en esta p\u00e1gina web: <a href=\"https:\/\/www.indonesia.travel\/gb\/en\/\">https:\/\/www.indonesia.travel\/gb\/en\/<\/a><\/p>","protected":false},"excerpt":{"rendered":"<p>Templos y cultura balinesa Templo Tanah Lot Conocido como el \u201cTemplo Madre\u201d de Bali, ubicado en las laderas del Monte Agung. Pura Besakih Conocido como&hellip;<\/p>\n","protected":false},"author":1,"featured_media":0,"parent":0,"menu_order":0,"comment_status":"closed","ping_status":"closed","template":"","meta":{"footnotes":""},"class_list":["post-175","page","type-page","status-publish","hentry"],"_links":{"self":[{"href":"https:\/\/albertilloelpillo.iesfuente.com\/index.php?rest_route=\/wp\/v2\/pages\/175","targetHints":{"allow":["GET"]}}],"collection":[{"href":"https:\/\/albertilloelpillo.iesfuente.com\/index.php?rest_route=\/wp\/v2\/pages"}],"about":[{"href":"https:\/\/albertilloelpillo.iesfuente.com\/index.php?rest_route=\/wp\/v2\/types\/page"}],"author":[{"embeddable":true,"href":"https:\/\/albertilloelpillo.iesfuente.com\/index.php?rest_route=\/wp\/v2\/users\/1"}],"replies":[{"embeddable":true,"href":"https:\/\/albertilloelpillo.iesfuente.com\/index.php?rest_route=%2Fwp%2Fv2%2Fcomments&post=175"}],"version-history":[{"count":3,"href":"https:\/\/albertilloelpillo.iesfuente.com\/index.php?rest_route=\/wp\/v2\/pages\/175\/revisions"}],"predecessor-version":[{"id":296,"href":"https:\/\/albertilloelpillo.iesfuente.com\/index.php?rest_route=\/wp\/v2\/pages\/175\/revisions\/296"}],"wp:attachment":[{"href":"https:\/\/albertilloelpillo.iesfuente.com\/index.php?rest_route=%2Fwp%2Fv2%2Fmedia&parent=175"}],"curies":[{"name":"wp","href":"https:\/\/api.w.org\/{rel}","templated":true}]}}