{"id":134,"date":"2026-02-13T14:28:11","date_gmt":"2026-02-13T13:28:11","guid":{"rendered":"https:\/\/albertilloelpillo.iesfuente.com\/?page_id=134"},"modified":"2026-02-28T12:06:16","modified_gmt":"2026-02-28T11:06:16","slug":"nueva-york","status":"publish","type":"page","link":"https:\/\/albertilloelpillo.iesfuente.com\/?page_id=134","title":{"rendered":"Nueva York"},"content":{"rendered":"\n<div class=\"wp-block-cover alignfull has-parallax is-repeated\" style=\"min-height:100vh;aspect-ratio:unset;\"><div class=\"wp-block-cover__image-background wp-image-262 size-large has-parallax is-repeated\" style=\"background-position:48% 51%;background-image:url(https:\/\/albertilloelpillo.iesfuente.com\/wp-content\/uploads\/2026\/02\/R-683x1024.jpg)\"><\/div><span aria-hidden=\"true\" class=\"wp-block-cover__background has-background-dim\" style=\"background-color:#37353a\"><\/span><div class=\"wp-block-cover__inner-container is-layout-constrained wp-block-cover-is-layout-constrained\">\n<p class=\"has-text-align-center has-large-font-size\">La ciudad imparable y con diversidad cultural<\/p>\n\n\n\n<p>Nueva York es intensidad en estado puro. Una ciudad que nunca se detiene y que ofrece una experiencia diferente a cada viajero. Sus rascacielos, luces brillantes y calles llenas de vida crean una atm\u00f3sfera \u00fanica que solo puede entenderse vivi\u00e9ndola.<\/p>\n\n\n\n<p>Manhattan concentra algunos de los lugares m\u00e1s emblem\u00e1ticos del mundo: Central Park, Times Square, el Empire State Building o la Estatua de la Libertad. Pero Nueva York es mucho m\u00e1s que sus iconos tur\u00edsticos. Brooklyn ofrece un ambiente creativo y alternativo, Harlem destaca por su historia cultural y Queens sorprende con su diversidad gastron\u00f3mica.<\/p>\n\n\n\n<p>La ciudad es tambi\u00e9n un referente en moda, arte y espect\u00e1culos. Asistir a un musical en Broadway, visitar el MoMA o disfrutar de un rooftop con vistas al skyline son experiencias imprescindibles.<\/p>\n\n\n<div class=\"wp-block-image\">\n<figure class=\"aligncenter size-large is-resized\"><img decoding=\"async\" src=\"https:\/\/encrypted-tbn0.gstatic.com\/images?q=tbn:ANd9GcTR5Lg6pNo4OKRaDNSdczjgpod9zO0ps-VbBw&amp;s\" alt=\"\" style=\"width:313px;height:auto\"\/><\/figure>\n<\/div>\n\n\n<h3 class=\"wp-block-heading\"><strong>Qu\u00e9 hace especial a Nueva York<\/strong><\/h3>\n\n\n\n<ul class=\"wp-block-list\">\n<li>Su diversidad cultural incomparable.<\/li>\n\n\n\n<li>La oferta infinita de ocio y entretenimiento.<\/li>\n\n\n\n<li>Su escena gastron\u00f3mica internacional.<\/li>\n\n\n\n<li>La sensaci\u00f3n de estar en el centro del mundo.<\/li>\n<\/ul>\n\n\n\n<h3 class=\"wp-block-heading\"><strong>En nuestra gu\u00eda encontrar\u00e1s:<\/strong><\/h3>\n\n\n\n<p>Las mejores zonas donde alojarte seg\u00fan tu presupuesto y estilo de viaje, recomendaciones para ahorrar en entradas y transporte, rutas por barrios menos tur\u00edsticos y consejos pr\u00e1cticos para organizar tu estancia de forma eficiente.<\/p>\n\n\n\n<p class=\"has-text-align-center has-large-font-size\">Nueva York es perfecta para una escapada urbana llena de emoci\u00f3n y descubrimiento constante.<\/p>\n<\/div><\/div>\n","protected":false},"excerpt":{"rendered":"","protected":false},"author":1,"featured_media":0,"parent":0,"menu_order":0,"comment_status":"closed","ping_status":"closed","template":"","meta":{"footnotes":""},"class_list":["post-134","page","type-page","status-publish","hentry"],"_links":{"self":[{"href":"https:\/\/albertilloelpillo.iesfuente.com\/index.php?rest_route=\/wp\/v2\/pages\/134","targetHints":{"allow":["GET"]}}],"collection":[{"href":"https:\/\/albertilloelpillo.iesfuente.com\/index.php?rest_route=\/wp\/v2\/pages"}],"about":[{"href":"https:\/\/albertilloelpillo.iesfuente.com\/index.php?rest_route=\/wp\/v2\/types\/page"}],"author":[{"embeddable":true,"href":"https:\/\/albertilloelpillo.iesfuente.com\/index.php?rest_route=\/wp\/v2\/users\/1"}],"replies":[{"embeddable":true,"href":"https:\/\/albertilloelpillo.iesfuente.com\/index.php?rest_route=%2Fwp%2Fv2%2Fcomments&post=134"}],"version-history":[{"count":4,"href":"https:\/\/albertilloelpillo.iesfuente.com\/index.php?rest_route=\/wp\/v2\/pages\/134\/revisions"}],"predecessor-version":[{"id":265,"href":"https:\/\/albertilloelpillo.iesfuente.com\/index.php?rest_route=\/wp\/v2\/pages\/134\/revisions\/265"}],"wp:attachment":[{"href":"https:\/\/albertilloelpillo.iesfuente.com\/index.php?rest_route=%2Fwp%2Fv2%2Fmedia&parent=134"}],"curies":[{"name":"wp","href":"https:\/\/api.w.org\/{rel}","templated":true}]}}