{"id":114,"date":"2026-02-13T14:08:33","date_gmt":"2026-02-13T13:08:33","guid":{"rendered":"https:\/\/albertilloelpillo.iesfuente.com\/?page_id=114"},"modified":"2026-02-28T12:06:44","modified_gmt":"2026-02-28T11:06:44","slug":"paris","status":"publish","type":"page","link":"https:\/\/albertilloelpillo.iesfuente.com\/?page_id=114","title":{"rendered":"Par\u00eds"},"content":{"rendered":"\n<div class=\"wp-block-group alignfull\"><div class=\"wp-block-group__inner-container is-layout-constrained wp-block-group-is-layout-constrained\">\n<div class=\"wp-block-cover alignfull is-light has-parallax\"><div class=\"wp-block-cover__image-background wp-image-254 size-full has-parallax\" style=\"background-position:50% 50%;background-image:url(https:\/\/albertilloelpillo.iesfuente.com\/wp-content\/uploads\/2026\/02\/architecture-buildings-city-cityscape.jpg)\"><\/div><span aria-hidden=\"true\" class=\"wp-block-cover__background has-background-dim\" style=\"background-color:#c7aab1\"><\/span><div class=\"wp-block-cover__inner-container is-layout-constrained wp-block-cover-is-layout-constrained\">\n<p class=\"has-text-align-center has-large-font-size\">PAR\u00cdS<\/p>\n\n\n\n<h2 class=\"wp-block-heading\">Elegancia, historia y romance en cada rinc\u00f3n<\/h2>\n\n\n\n<p>Par\u00eds no es solo una ciudad; es una experiencia sensorial. Desde el aroma del caf\u00e9 reci\u00e9n hecho en sus terrazas hasta la luz dorada que ilumina la ciudad al atardecer, todo en la capital francesa transmite belleza y sofisticaci\u00f3n.<\/p>\n\n\n\n<p>Recorrer Par\u00eds significa pasear junto al Sena, cruzar puentes hist\u00f3ricos y contemplar monumentos ic\u00f3nicos que han marcado la historia de Europa. El arte se respira en cada esquina: el Museo del Louvre alberga algunas de las obras m\u00e1s importantes del mundo, mientras que el barrio de Montmartre conserva el esp\u00edritu bohemio que inspir\u00f3 a generaciones de artistas.<\/p>\n\n\n\n<p>La ciudad ofrece una combinaci\u00f3n perfecta entre tradici\u00f3n y modernidad. Boutiques de alta costura conviven con mercados tradicionales, restaurantes con estrellas Michelin comparten protagonismo con peque\u00f1as brasseries familiares, y los jardines como el de Luxemburgo invitan a relajarse tras una intensa jornada cultural.<\/p>\n\n\n\n<figure class=\"wp-block-image size-large\"><img decoding=\"async\" src=\"https:\/\/upload.wikimedia.org\/wikipedia\/commons\/thumb\/8\/8a\/Paris_vue_d%27ensemble_tour_Eiffel.jpg\/1280px-Paris_vue_d%27ensemble_tour_Eiffel.jpg\" alt=\"\"\/><\/figure>\n\n\n\n<h3 class=\"wp-block-heading\"><strong>Qu\u00e9 hace especial a Par\u00eds<\/strong><\/h3>\n\n\n\n<ul class=\"wp-block-list\">\n<li>Su arquitectura cl\u00e1sica y perfectamente conservada.<\/li>\n\n\n\n<li>La riqueza cultural y art\u00edstica incomparable.<\/li>\n\n\n\n<li>Su gastronom\u00eda reconocida mundialmente.<\/li>\n\n\n\n<li>El ambiente rom\u00e1ntico que la convierte en uno de los destinos favoritos para parejas.<\/li>\n<\/ul>\n\n\n\n<h3 class=\"wp-block-heading\"><strong>En nuestra gu\u00eda encontrar\u00e1s:<\/strong><\/h3>\n\n\n\n<p>Hoteles c\u00e9ntricos con encanto, alojamientos boutique con vistas a la Torre Eiffel, opciones econ\u00f3micas bien ubicadas y experiencias de lujo para quienes buscan una estancia exclusiva. Tambi\u00e9n te ofrecemos itinerarios optimizados para 2, 3 o 5 d\u00edas, recomendaciones gastron\u00f3micas y consejos pr\u00e1cticos para moverte en transporte p\u00fablico o ahorrar en entradas a museos.<\/p>\n\n\n\n<p>Par\u00eds es ideal tanto para una primera escapada europea como para regresar una y otra vez y descubrir nuevos rincones.<\/p>\n<\/div><\/div>\n<\/div><\/div>\n","protected":false},"excerpt":{"rendered":"","protected":false},"author":1,"featured_media":0,"parent":0,"menu_order":0,"comment_status":"closed","ping_status":"closed","template":"","meta":{"footnotes":""},"class_list":["post-114","page","type-page","status-publish","hentry"],"_links":{"self":[{"href":"https:\/\/albertilloelpillo.iesfuente.com\/index.php?rest_route=\/wp\/v2\/pages\/114","targetHints":{"allow":["GET"]}}],"collection":[{"href":"https:\/\/albertilloelpillo.iesfuente.com\/index.php?rest_route=\/wp\/v2\/pages"}],"about":[{"href":"https:\/\/albertilloelpillo.iesfuente.com\/index.php?rest_route=\/wp\/v2\/types\/page"}],"author":[{"embeddable":true,"href":"https:\/\/albertilloelpillo.iesfuente.com\/index.php?rest_route=\/wp\/v2\/users\/1"}],"replies":[{"embeddable":true,"href":"https:\/\/albertilloelpillo.iesfuente.com\/index.php?rest_route=%2Fwp%2Fv2%2Fcomments&post=114"}],"version-history":[{"count":10,"href":"https:\/\/albertilloelpillo.iesfuente.com\/index.php?rest_route=\/wp\/v2\/pages\/114\/revisions"}],"predecessor-version":[{"id":266,"href":"https:\/\/albertilloelpillo.iesfuente.com\/index.php?rest_route=\/wp\/v2\/pages\/114\/revisions\/266"}],"wp:attachment":[{"href":"https:\/\/albertilloelpillo.iesfuente.com\/index.php?rest_route=%2Fwp%2Fv2%2Fmedia&parent=114"}],"curies":[{"name":"wp","href":"https:\/\/api.w.org\/{rel}","templated":true}]}}